{"id":1424,"date":"2020-06-07T09:17:43","date_gmt":"2020-06-07T09:17:43","guid":{"rendered":"https:\/\/gem.pt\/@teste\/?page_id=1424"},"modified":"2026-02-24T21:59:45","modified_gmt":"2026-02-24T21:59:45","slug":"parcerias","status":"publish","type":"page","link":"https:\/\/gem.pt\/1\/socio-gem\/parcerias\/","title":{"rendered":"Parcerias"},"content":{"rendered":"<p>\u00a0<\/p>\n<h6>Parcerias<\/h6>\n<figure><a href=\"https:\/\/azibohousenature.wordpress.com\/\" target=\"_blank\" tabindex=\"-1\"><img width=\"120\" height=\"120\" src=\"https:\/\/gem.pt\/wp-content\/uploads\/2024\/06\/azibeiro_logo.png\" alt=\"\" decoding=\"async\" srcset=\"https:\/\/gem.pt\/wp-content\/uploads\/2024\/06\/azibeiro_logo.png 120w, https:\/\/gem.pt\/wp-content\/uploads\/2024\/06\/azibeiro_logo-12x12.png 12w\" sizes=\"(max-width: 120px) 100vw, 120px\" \/><\/a><\/figure>\n<h5><a href=\"https:\/\/azibohousenature.wordpress.com\/\" target=\"_blank\">Azibeiro House &amp; Nature<\/a><\/h5>\n<p>10% de desconto nas atividades e alojamento<\/p>\n<figure><a href=\"https:\/\/bairrobenfica.pt\/desporto-aventura\/\" target=\"_blank\" tabindex=\"-1\"><img decoding=\"async\" src=\"https:\/\/gem.pt\/wp-content\/uploads\/elementor\/thumbs\/benfica-aventura-logo-rcr6qlzdlw17ky18vb2qxy3ukca1zkpqclj8vanf74.png\" title=\"benfica-aventura-logo\" alt=\"benfica-aventura-logo\" loading=\"lazy\" \/><\/a><\/figure>\n<h5><a href=\"https:\/\/bairrobenfica.pt\/desporto-aventura\/\" target=\"_blank\">Benfica Aventura<\/a><\/h5>\n<p>Os mesmos direitos dos participantes do Benfica Aventura<\/p>\n<figure><a href=\"https:\/\/www.clubearlivre.org\/\" target=\"_blank\" tabindex=\"-1\"><img decoding=\"async\" src=\"https:\/\/gem.pt\/wp-content\/uploads\/elementor\/thumbs\/LOGO-CAAL-rjn8hsc78vu7s97pzhq3sbd8dfrnug02v6wz50oqgw.png\" title=\"LOGO-CAAL\" alt=\"LOGO-CAAL\" loading=\"lazy\" \/><\/a><\/figure>\n<h5><a href=\"https:\/\/www.clubearlivre.org\/\" target=\"_blank\">CAAL - Clube de Actividades de Ar Livre<\/a><\/h5>\n<p>Os mesmos direitos dos s\u00f3cios do CAAL<\/p>\n<figure><a href=\"https:\/\/www.ica-canyoning.org\/pt\/\" target=\"_blank\" tabindex=\"-1\"><img width=\"120\" height=\"120\" src=\"https:\/\/gem.pt\/wp-content\/uploads\/2024\/06\/ica_logo.png\" alt=\"\" decoding=\"async\" srcset=\"https:\/\/gem.pt\/wp-content\/uploads\/2024\/06\/ica_logo.png 120w, https:\/\/gem.pt\/wp-content\/uploads\/2024\/06\/ica_logo-12x12.png 12w\" sizes=\"(max-width: 120px) 100vw, 120px\" \/><\/a><\/figure>\n<h5><a href=\"https:\/\/www.ica-canyoning.org\/pt\/\" target=\"_blank\">ICA - International Canyoning Academy<\/a><\/h5>\n<p>Os mesmos direitos dos s\u00f3cios da ICA<\/p>\n<figure><a href=\"https:\/\/linktr.ee\/escola.de.montanha\" target=\"_blank\" tabindex=\"-1\"><img width=\"120\" height=\"120\" src=\"https:\/\/gem.pt\/wp-content\/uploads\/2024\/06\/escola_montanha_logo.png\" alt=\"\" decoding=\"async\" srcset=\"https:\/\/gem.pt\/wp-content\/uploads\/2024\/06\/escola_montanha_logo.png 120w, https:\/\/gem.pt\/wp-content\/uploads\/2024\/06\/escola_montanha_logo-12x12.png 12w\" sizes=\"(max-width: 120px) 100vw, 120px\" \/><\/a><\/figure>\n<h5><a href=\"https:\/\/linktr.ee\/escola.de.montanha\" target=\"_blank\">Escola de Montanha<\/a><\/h5>\n<p>Os mesmos direitos dos s\u00f3cios da Escola de Montanha<\/p>\n<figure><a href=\"https:\/\/escoteiros.pt\/\" target=\"_blank\" tabindex=\"-1\"><img decoding=\"async\" src=\"https:\/\/gem.pt\/wp-content\/uploads\/elementor\/thumbs\/logo-escoteiros-de-portugal-rev100hq0etea36xsfxzpyire8blw0txvz3kg3z0z4.jpg\" title=\"logo-escoteiros-de-portugal\" alt=\"logo-escoteiros-de-portugal\" loading=\"lazy\" \/><\/a><\/figure>\n<h5><a href=\"https:\/\/escoteiros.pt\/\" target=\"_blank\">AEP - Associa\u00e7\u00e3o dos Escoteiros de Portugal<\/a><\/h5>\n<p>Os mesmos direitos dos s\u00f3cios da Associa\u00e7\u00e3o de Escoteiros de Portugal<\/p>\n<figure><a href=\"http:\/\/www.auvieuxcampeur.fr\/\" target=\"_blank\" tabindex=\"-1\"><img loading=\"lazy\" width=\"120\" height=\"120\" src=\"https:\/\/gem.pt\/wp-content\/uploads\/2020\/06\/campeur_logo.jpg\" alt=\"\" decoding=\"async\" \/><\/a><\/figure>\n<h5><a href=\"http:\/\/www.auvieuxcampeur.fr\/\" target=\"_blank\">Au Viex Campeur<\/a><\/h5>\n<p>10% de desconto em compras de grupo atrav\u00e9s do GEM<\/p>\n<figure><a href=\"https:\/\/www.facebook.com\/hostelonwheels\/\" target=\"_blank\" tabindex=\"-1\"><img loading=\"lazy\" width=\"120\" height=\"120\" src=\"https:\/\/gem.pt\/wp-content\/uploads\/2020\/06\/Hostel_on_Wheels.png\" alt=\"\" decoding=\"async\" \/><\/a><\/figure>\n<h5><a href=\"https:\/\/www.facebook.com\/hostelonwheels\/\" target=\"_blank\">HoW - Hostel on Wheels<\/a><\/h5>\n<p>10% de desconto para s\u00f3cios GEM<\/p>\n<figure><a href=\"http:\/\/www.lojadamontanha.com\/\" target=\"_blank\" tabindex=\"-1\"><img loading=\"lazy\" width=\"120\" height=\"120\" src=\"https:\/\/gem.pt\/wp-content\/uploads\/2020\/06\/Logo_Loja-da-Montanha.jpg\" alt=\"\" decoding=\"async\" \/><\/a><\/figure>\n<h5><a href=\"http:\/\/www.lojadamontanha.com\/\" target=\"_blank\">Loja da Montanha<\/a><\/h5>\n<p>10% de desconto para s\u00f3cios GEM<br \/>\n<br \/>\n15% de desconto em compras de grupo atrav\u00e9s do GEM<\/p>\n<figure><a href=\"https:\/\/outpro.pt\/\" target=\"_blank\" tabindex=\"-1\"><img loading=\"lazy\" width=\"120\" height=\"120\" src=\"https:\/\/gem.pt\/wp-content\/uploads\/2021\/09\/outpro-logo.jpg\" alt=\"\" decoding=\"async\" \/><\/a><\/figure>\n<h5><a href=\"https:\/\/outpro.pt\/\" target=\"_blank\">OUTPRO<\/a><\/h5>\n<p>10% de desconto para s\u00f3cios GEM e\u00a015% quando em forma\u00e7\u00e3o<br \/>\n<br \/>\n15% para quadros t\u00e9cnicos GEM<br \/>\n<br \/>\n20% de desconto em compras de grupo atrav\u00e9s do\u00a0GEM<\/p>\n<figure><a href=\"http:\/\/portal.toboga.pt\/pt\/\" target=\"_blank\" tabindex=\"-1\"><img loading=\"lazy\" width=\"120\" height=\"120\" src=\"https:\/\/gem.pt\/wp-content\/uploads\/2020\/06\/toboga.png\" alt=\"\" decoding=\"async\" \/><\/a><\/figure>\n<h5><a href=\"http:\/\/portal.toboga.pt\/pt\/\" target=\"_blank\">Tobog\u00e3 - desporto | aventura | lazer<\/a><\/h5>\n<p>Descontos que variam entre os 10% e os 15% dependendo do valor da encomenda, e de 20% em artigos PETZL, para compras de grupo efetuadas\u00a0atrav\u00e9s do GEM<\/p>\n<figure><a href=\"http:\/\/www.wind-cam.pt\/\" target=\"_blank\" tabindex=\"-1\"><img loading=\"lazy\" width=\"120\" height=\"120\" src=\"https:\/\/gem.pt\/wp-content\/uploads\/2020\/06\/wind-logo.gif\" alt=\"\" decoding=\"async\" \/><\/a><\/figure>\n<h5><a href=\"http:\/\/www.wind-cam.pt\/\" target=\"_blank\">WIND - Centro de Actividades de Montanha<\/a><\/h5>\n<p>20% de desconto em atividades realizadas em parceria com o GEM<\/p>\n<figure><a href=\"http:\/\/www.yupik.com.pt\/\" target=\"_blank\" tabindex=\"-1\"><img loading=\"lazy\" width=\"120\" height=\"120\" src=\"https:\/\/gem.pt\/wp-content\/uploads\/2021\/09\/yupik3.jpg\" alt=\"\" decoding=\"async\" \/><\/a><\/figure>\n<h5><a href=\"http:\/\/www.yupik.com.pt\/\" target=\"_blank\">YUPIK Outdoor &amp; Travel<\/a><\/h5>\n<p>5% de desconto para s\u00f3cios GEM em\u00a0artigos de Escalada e Espeleologia<br \/>\n<br \/>\n20% de desconto em\u00a0artigos de Escalada e Espeleologia em compras de grupo atrav\u00e9s do GEM, se valor igual ou superior a\u00a0500\u20ac, caso contr\u00e1rio ter\u00e1 um desconto de\u00a010%<\/p>\n","protected":false},"excerpt":{"rendered":"<p>\u00a0 Parcerias Azibeiro House &amp; Nature 10% de desconto nas atividades e alojamento Benfica Aventura Os mesmos direitos dos participantes do Benfica Aventura CAAL &#8211; Clube de Actividades de Ar Livre Os mesmos direitos dos s\u00f3cios do CAAL ICA &#8211; International Canyoning Academy Os mesmos direitos dos s\u00f3cios da ICA Escola de Montanha Os mesmos [&hellip;]<\/p>\n","protected":false},"author":1,"featured_media":0,"parent":768,"menu_order":1,"comment_status":"closed","ping_status":"closed","template":"","meta":{"footnotes":""},"class_list":["post-1424","page","type-page","status-publish","hentry"],"_links":{"self":[{"href":"https:\/\/gem.pt\/1\/wp-json\/wp\/v2\/pages\/1424","targetHints":{"allow":["GET"]}}],"collection":[{"href":"https:\/\/gem.pt\/1\/wp-json\/wp\/v2\/pages"}],"about":[{"href":"https:\/\/gem.pt\/1\/wp-json\/wp\/v2\/types\/page"}],"author":[{"embeddable":true,"href":"https:\/\/gem.pt\/1\/wp-json\/wp\/v2\/users\/1"}],"replies":[{"embeddable":true,"href":"https:\/\/gem.pt\/1\/wp-json\/wp\/v2\/comments?post=1424"}],"version-history":[{"count":12,"href":"https:\/\/gem.pt\/1\/wp-json\/wp\/v2\/pages\/1424\/revisions"}],"predecessor-version":[{"id":22481,"href":"https:\/\/gem.pt\/1\/wp-json\/wp\/v2\/pages\/1424\/revisions\/22481"}],"up":[{"embeddable":true,"href":"https:\/\/gem.pt\/1\/wp-json\/wp\/v2\/pages\/768"}],"wp:attachment":[{"href":"https:\/\/gem.pt\/1\/wp-json\/wp\/v2\/media?parent=1424"}],"curies":[{"name":"wp","href":"https:\/\/api.w.org\/{rel}","templated":true}]}}