{"id":1585,"date":"2020-06-25T22:46:49","date_gmt":"2020-06-25T22:46:49","guid":{"rendered":"https:\/\/gem.pt\/@teste\/?page_id=1585"},"modified":"2020-06-25T23:12:25","modified_gmt":"2020-06-25T23:12:25","slug":"subscrever-divulgacoes","status":"publish","type":"page","link":"https:\/\/gem.pt\/1\/publicacoes\/subscrever-divulgacoes\/","title":{"rendered":"Subscrever Divulga\u00e7\u00f5es"},"content":{"rendered":"<p>\u00a0<\/p>\n<p>Subscrever Divulga\u00e7\u00f5es do GEM<\/p>\n<hr \/>\n<p>\u00a0Receba as not\u00edcias e informa\u00e7\u00e3o sobre as pr\u00f3ximas\u00a0atividades do GEMSubscreva aqui as divulga\u00e7\u00f5es do GEM e receber\u00e1 no seu email as\u00a0not\u00edcias do GEM,\u00a0divulga\u00e7\u00f5es de atividades\u00a0e outras informa\u00e7\u00f5es\u00a0de interesse para todos os s\u00f3cios e n\u00e3o s\u00f3cios praticantes de atividades de ar livre.<br \/>\n\t\t\t<iframe src=\"https:\/\/docs.google.com\/forms\/d\/e\/1FAIpQLSfDPQTTH1_i5zvZAzvhgnr5c0Nv-Ir2XuHW78-I6X0zivsegg\/viewform?embedded=true\" width=\"100%\" height=\"1580px\" frameborder=\"0\" marginheight=\"0\" marginwidth=\"0\">A carregar...<\/iframe><\/p>\n","protected":false},"excerpt":{"rendered":"<p>\u00a0 Subscrever Divulga\u00e7\u00f5es do GEM \u00a0Receba as not\u00edcias e informa\u00e7\u00e3o sobre as pr\u00f3ximas\u00a0atividades do GEMSubscreva aqui as divulga\u00e7\u00f5es do GEM e receber\u00e1 no seu email as\u00a0not\u00edcias do GEM,\u00a0divulga\u00e7\u00f5es de atividades\u00a0e outras informa\u00e7\u00f5es\u00a0de interesse para todos os s\u00f3cios e n\u00e3o s\u00f3cios praticantes de atividades de ar livre. A carregar&#8230;<\/p>\n","protected":false},"author":1,"featured_media":0,"parent":801,"menu_order":4,"comment_status":"closed","ping_status":"closed","template":"","meta":{"footnotes":""},"class_list":["post-1585","page","type-page","status-publish","hentry"],"_links":{"self":[{"href":"https:\/\/gem.pt\/1\/wp-json\/wp\/v2\/pages\/1585","targetHints":{"allow":["GET"]}}],"collection":[{"href":"https:\/\/gem.pt\/1\/wp-json\/wp\/v2\/pages"}],"about":[{"href":"https:\/\/gem.pt\/1\/wp-json\/wp\/v2\/types\/page"}],"author":[{"embeddable":true,"href":"https:\/\/gem.pt\/1\/wp-json\/wp\/v2\/users\/1"}],"replies":[{"embeddable":true,"href":"https:\/\/gem.pt\/1\/wp-json\/wp\/v2\/comments?post=1585"}],"version-history":[{"count":0,"href":"https:\/\/gem.pt\/1\/wp-json\/wp\/v2\/pages\/1585\/revisions"}],"up":[{"embeddable":true,"href":"https:\/\/gem.pt\/1\/wp-json\/wp\/v2\/pages\/801"}],"wp:attachment":[{"href":"https:\/\/gem.pt\/1\/wp-json\/wp\/v2\/media?parent=1585"}],"curies":[{"name":"wp","href":"https:\/\/api.w.org\/{rel}","templated":true}]}}